and z.
13
Let c = -64 - -68. Suppose 52 = c*d - v, 3*d + v - 21 = 11. Calculate the highest common divisor of d and 24.
12
Suppose -p - 5*r = -6*p + 440, p - 100 = -3*r. Calculate the greatest common divisor of 26 and p.
13
Suppose -24*f - 221 + 3893 = 0. Calculate the greatest common factor of f and 17.
17
Suppose -37*c + 3*c = -6120. What is the greatest common factor of c and 20?
20
Suppose 4*x - u = 272, x + 3*u + 9 = 77. Calculate the highest common divisor of x and 187.
17
Suppose 3560 = 4*b + 1496. Calculate the highest common factor of b and 6.
6
Let j = -3107 + 3170. What is the highest common divisor of 1449 and j?
63
Suppose -11*m = -6*m + 4*r - 592, -2*r - 110 = -m. What is the highest common factor of 29 and m?
29
Let b = 185 + -171. What is the highest common divisor of b and 266?
14
Suppose -10 = -35*q + 33*q, 1907 = 4*z + 3*q. What is the greatest common factor of z and 33?
11
Let y(m) = -m**3 - 6*m**2 - 3*m + 21. Let k be y(-5). What is the greatest common factor of 297 and k?
11
Let p be -3*(5 - 286/33). Calculate the greatest common divisor of 539 and p.
11
Suppose -5*b + 499 - 19 = 0. Suppose 0 = -8*f + 4*f - b. Let s be (f/(-10))/(9/30). What is the greatest common factor of 32 and s?
8
Let f(o) = o**2 + 6*o - 2. Let q be f(-4). Let v be -1*q*(2 + -1). Calculate the highest common factor of 10 and v.
10
Let m(c) = -2*c**3 - 28*c**2 - 7*c + 21. Let j be m(-15). Calculate the highest common divisor of 9 and j.
9
Let r be (8 - 7) + 6 - 0/(-3). What is the greatest common factor of 336 and r?
7
Let o(v) = 5*v**2 + v - 1. Let z be o(1). Suppose 2*g + h + 1 = 23, -z*g - 2*h = -54. Let s be g/15*33/2. What is the greatest common divisor of 99 and s?
11
Suppose 0 = -6*n + 2*n + 8. Suppose n*j = 5*j - 36. What is the highest common factor of j and 108?
12
Suppose -2*m = 4*b - 94, -5*b - 3*m + 30 = -87. Suppose -19*n + 2879 = -2137. Calculate the greatest common factor of b and n.
24
Suppose 2*i = a - 58, 0*i = -2*i. Suppose -15*b = -81 - 39. Suppose b*y - 10*y = -a. What is the greatest common factor of y and 58?
29
Let z = 71 + -69. Suppose r - 3*h = 8, z*r = -r - 4*h + 50. Calculate the greatest common divisor of 2 and r.
2
Suppose -7*d = -6*d - 3. Suppose h - d*y + 2204 = -0*h, -y = 2. Let v be (-2)/5 - h/25. What is the greatest common factor of 11 and v?
11
Suppose 2*r - 58 = -4*q, -4*q + 5*r + 76 = r. Let a be 32*(-2 + (19 - 3)/4). Let g be ((-285)/(-76))/(6/a). What is the highest common factor of q and g?
8
Suppose o + 0*o = z - 4, -z - 3*o = 12. Suppose z = p + 5 + 24. Let h = -18 - p. Calculate the highest common factor of h and 121.
11
Let l be 18*12/8*28/6. Let t = 10 - 25. Let f = t + 36. Calculate the highest common divisor of f and l.
21
Let b = 74 - 51. Let i(y) = 2*y**2 + 5*y - 2. Let s be i(-5). What is the greatest common divisor of b and s?
23
Let h(a) = -a**3 + 16*a - 16*a**2 + 0*a**3 - 4*a + 5*a**2. Let t be h(-12). Suppose t = 6*q - 323 + 95. Calculate the highest common factor of 57 and q.
19
Let o be (2/3)/((-6)/(-27)). Let a be 1/(o/40) + 3/(-9). Let k(p) = -p**3 - 4*p**2 - 3*p - 1. Let s be k(-5). Calculate the highest common divisor of s and a.
13
Let r be 67 + 5 + -6 + -6. Suppose 6*c - 30 = c. Calculate the greatest common factor of c and r.
6
Let d(t) = -2*t**2 + t + 1. Let r be d(-1). Let g be r + -19 + (-3 - -4). Let h = 28 + g. What is the greatest common factor of 80 and h?
8
Let y be (-3)/(-2)*1290/9. What is the highest common factor of y and 43?
43
Suppose 5*i - 56 = -166. Let v = i + 26. Suppose -v*c = -3*z - 96 - 301, 3*c + 3*z = 303. Calculate the highest common divisor of c and 10.
10
Let m = -322 + 346. What is the greatest common factor of 696 and m?
24
Let r = 11 + -25. Let i be 2 + (-2)/((-24)/r + -2). What is the greatest common factor of i and 45?
9
Let j be (-14140)/(-112) + (-3)/12. Calculate the greatest common divisor of j and 112.
14
Let n be 4/10*5890/76. What is the greatest common factor of n and 775?
31
Suppose -19 = -5*p + 1. Let t be (-4 - -1 - -6) + 111. Let s = -78 + t. What is the highest common divisor of p and s?
4
Let n = 1727 - 1520. Let p(f) = 22*f**2 - f. Let l be p(-1). What is the highest common factor of n and l?
23
Let k = -22 - -13. Let d(q) = 3 - 2*q**2 + q**3 + 11*q**2 + q + 11 - 2. Let r be d(k). Calculate the greatest common divisor of r and 12.
3
Suppose -8*c = -785 + 377. Calculate the greatest common divisor of c and 1173.
51
Let o = -57 + 59. Suppose 4*c - 2*j = 9*c - 542, -434 = -4*c - o*j. Calculate the highest common factor of c and 72.
36
Suppose -5*v + z = 38, v - 3*z = -0*v - 2. Let x be ((-398)/v - -2) + 6/24. Calculate the greatest common divisor of 4 and x.
4
Let w = 3 - 5. Let k = 2 - w. Suppose 0 = u - 2*x - 26, k*u = 3*u - 2*x + 14. What is the greatest common divisor of 10 and u?
10
Suppose 0 = -3*h - 15, h - 2*h = -3*l + 20. Suppose -3*z + l*z = 96. Let i be (-242)/(-10) - 3/15. Calculate the highest common factor of i and z.
24
Suppose 5*h - 3*q - 89 - 40 = 0, -h + 4*q + 36 = 0. Suppose -330 = -n + 4*n. Let m be n/(-9) + (-6)/27. Calculate the highest common divisor of h and m.
12
Suppose -b = 3*b + d - 196, d = -4. Suppose 0 = 4*x - 29 - 71. What is the highest common divisor of b and x?
25
Let n be 1 - (-4)/(-2)*-2. Suppose -484 = -3*h + n*u, -143 = -h + 3*u + 13. Let v = -248 + 269. What is the highest common factor of v and h?
21
Let f be (1 + -16)*(12/(-9) - -1). Suppose -o - 1 + 9 = 2*y, 2*o + 3*y = 13. What is the highest common factor of o and f?
1
Let g be 6/4*16/6. Suppose -g*k + 2*c - 5 = -13, 4*c = -16. Let v = 2 + k. What is the greatest common divisor of 4 and v?
2
Let m be (-205)/20 + (-3)/(-12). Let z = 12 + m. Suppose -9 = -2*j - 4*k + 1, z*j = -2*k + 6. Calculate the greatest common divisor of j and 11.
1
Let o(p) = -p**2 + 48*p + 200. Let w be o(51). Calculate the highest common divisor of 1363 and w.
47
Suppose -13*j - 280 = -17*j. Suppose 0*h - 5*h + j = 0. What is the highest common divisor of h and 35?
7
Let h be 123/((2 - 3/2) + 1). Suppose h - 282 = -8*t. What is the greatest common factor of 10 and t?
5
Suppose -4*x - s + 1 = 6, 5*s + 3 = 2*x. Let d be (-30)/(-3) - (-2 - x - 0). What is the highest common factor of 121 and d?
11
Suppose 0 = -2*f + 2. Suppose j + f - 14 = 0. Calculate the greatest common divisor of 13 and j.
13
Suppose -2*q = 3*g - 69, 0 = -5*q + 2*g + 21 + 123. Calculate the greatest common factor of q and 20.
10
Let v be 0*4/(-8)*1. Suppose 3*i + 11 + 16 = v. Let t be 282/4 - i/(-18). Calculate the greatest common divisor of 14 and t.
14
Suppose 0 = 4*h - 5*m - 268, 5*h = -0*m - m + 364. Let z(i) = 3*i - 6. Let r = -25 - -35. Let o be z(r). Calculate the highest common divisor of o and h.
24
Suppose -3 = -4*g + 1. Suppose -63 = -5*r - 8. What is the greatest common divisor of g and r?
1
Suppose -q - 4*m + 1 = 0, m + 9 = 4*q - 12. Suppose -q*g = -0*g - 35. What is the greatest common factor of 1 and g?
1
Let b(p) be the second derivative of -p**3/6 - 3*p**2 - p. Let w be b(-8). Let l be 31 + -1*(1 + w). What is the highest common factor of 7 and l?
7
Suppose -75 - 37 = -4*o. Let l = 2476 - 2280. What is the greatest common divisor of o and l?
28
Let s be 4/(2 + 2) + 0. Let g be 44*(10/8 - s). Suppose 25 = 2*o - g. What is the greatest common divisor of 18 and o?
18
Let m be 1550/110 + (-3)/33. What is the greatest common divisor of 406 and m?
14
Let s(o) = o**3 + 54*o**2 - 113*o - 50. Let h be s(-56). What is the highest common factor of 606 and h?
6
Let n = 10 + -7. Let u be 4/1 + (5/1 - 3). Suppose n*h + 15 = u*h. What is the highest common factor of h and 20?
5
Let a be (-12)/(-9)*468/26. Calculate the highest common factor of a and 24.
24
Let c be (-106)/(-13) + 38/(-247). What is the highest common factor of c and 240?
8
Suppose 151*v = 147*v + 288. Let h = -20 - -39. Let a = v + h. Calculate the greatest common divisor of a and 13.
13
Suppose -b - 592 = -4*b - 4*n, -5*n = 10. Calculate the greatest common divisor of 25 and b.
25
Let n(j) = j + 44. Let c be n(-18). Let k = 59 - c. Calculate the greatest common divisor of 66 and k.
33
Let p(d) = 4*d**2 - 4*d - 4. Let r be p(-3). Calculate the highest common divisor of r and 418.
22
Suppose 2*y = -3*y + 170. Let s = y - 29. Suppose 2*b +